{"id":53,"date":"2017-10-30T02:37:06","date_gmt":"2017-10-30T02:37:06","guid":{"rendered":"http:\/\/fevzipasaasm.com\/?page_id=53"},"modified":"2025-05-02T02:14:02","modified_gmt":"2025-05-02T02:14:02","slug":"bina-krokisi","status":"publish","type":"page","link":"https:\/\/fevzipasaasm.com.tr\/?page_id=53","title":{"rendered":"Binam\u0131z"},"content":{"rendered":"<h3><\/h3>\n<h3>\u00a0 \u00a0 \u00a0<strong><span style=\"color: #ff0000;\">Bu i\u015fyerinde g\u00fcvenlik i\u00e7in bina giri\u015fi ve bekleme salonunda 24 saat s\u00fcre ile g\u00f6r\u00fcnt\u00fc kayd\u0131 yap\u0131lmaktad\u0131r.<\/span><\/strong><\/h3>\n<h3 style=\"text-align: center;\"><strong>Bekleme Salonu<\/strong><\/h3>\n<p><img loading=\"lazy\" decoding=\"async\" class=\"alignnone wp-image-254\" src=\"http:\/\/fevzipasaasm.com\/wp-content\/uploads\/2017\/10\/Bekleme-Salonu-Giri\u015ften-300x225.jpg\" alt=\"\" width=\"889\" height=\"667\" srcset=\"https:\/\/fevzipasaasm.com.tr\/wp-content\/uploads\/2017\/10\/Bekleme-Salonu-Giri\u015ften-300x225.jpg 300w, https:\/\/fevzipasaasm.com.tr\/wp-content\/uploads\/2017\/10\/Bekleme-Salonu-Giri\u015ften-768x576.jpg 768w, https:\/\/fevzipasaasm.com.tr\/wp-content\/uploads\/2017\/10\/Bekleme-Salonu-Giri\u015ften.jpg 800w\" sizes=\"auto, (max-width: 889px) 100vw, 889px\" \/><\/p>\n<h3 style=\"text-align: center;\"><strong>Kay\u0131t Masas\u0131<\/strong><\/h3>\n<p><img loading=\"lazy\" decoding=\"async\" class=\"alignnone  wp-image-440\" src=\"http:\/\/fevzipasaasm.com\/wp-content\/uploads\/2021\/11\/20211108_105721-225x300.jpg\" alt=\"\" width=\"768\" height=\"1024\" srcset=\"https:\/\/fevzipasaasm.com.tr\/wp-content\/uploads\/2021\/11\/20211108_105721-225x300.jpg 225w, https:\/\/fevzipasaasm.com.tr\/wp-content\/uploads\/2021\/11\/20211108_105721-768x1024.jpg 768w, https:\/\/fevzipasaasm.com.tr\/wp-content\/uploads\/2021\/11\/20211108_105721-1152x1536.jpg 1152w, https:\/\/fevzipasaasm.com.tr\/wp-content\/uploads\/2021\/11\/20211108_105721-1536x2048.jpg 1536w, https:\/\/fevzipasaasm.com.tr\/wp-content\/uploads\/2021\/11\/20211108_105721-scaled.jpg 1920w\" sizes=\"auto, (max-width: 768px) 100vw, 768px\" \/><\/p>\n<h4><\/h4>\n<h2>\u00a0 \u00a0 \u00a0 \u00a0<span style=\"color: #000080;\"><strong><span style=\"color: #ff0000;\">Kimlik barkod okuyucusu kullan\u0131m\u0131 :<\/span> Muayene s\u0131ras\u0131na kaydolmak i\u00e7in masadaki tablette sa\u011f alttaki &#8220;kimlik barkodu okut&#8221; butonunu t\u0131klad\u0131ktan sonra a\u00e7\u0131lan \u00f6n kamera g\u00f6r\u00fcnt\u00fcs\u00fcnde, kimli\u011finizin barkodunu yakla\u015f\u0131k 15 cm mesafeden, ekrandaki orta \u00e7izgide tutup, yava\u015f\u00e7a ileri ve geri hareketleriyle netlik ayar\u0131 yaparak okutunuz. Okudu\u011funda dit sesi verir ve ekranda isminiz g\u00f6r\u00fcn\u00fcr. \u0130sminiz muayene s\u0131ras\u0131na yaz\u0131l\u0131r. \u0130\u015flemde sorun ya\u015farsan\u0131z veya barkotlu kimli\u011finiz yoksa, kimlik numaran\u0131z\u0131 yazarak da ayn\u0131 i\u015flemi yapabilirsiniz. Kay\u0131t i\u015flemi yap\u0131lm\u0131\u015f olsa bile muayene odas\u0131nda doktor kimli\u011finizi g\u00f6rmek isteyebilir.<\/strong><\/span><\/h2>\n<p>&nbsp;<\/p>\n<div style=\"width: 755px;\" class=\"wp-video\"><video class=\"wp-video-shortcode\" id=\"video-53-1\" width=\"755\" height=\"425\" preload=\"metadata\" controls=\"controls\"><source type=\"video\/mp4\" src=\"http:\/\/fevzipasaasm.com\/wp-content\/uploads\/2021\/11\/20211111_152226_1.mp4?_=1\" \/><a href=\"http:\/\/fevzipasaasm.com\/wp-content\/uploads\/2021\/11\/20211111_152226_1.mp4\">http:\/\/fevzipasaasm.com\/wp-content\/uploads\/2021\/11\/20211111_152226_1.mp4<\/a><\/video><\/div>\n<h3><\/h3>\n<h3 style=\"text-align: center;\"><strong>M\u00fcdahale Odas\u0131<\/strong><\/h3>\n<p><img loading=\"lazy\" decoding=\"async\" class=\"alignnone wp-image-246\" src=\"http:\/\/fevzipasaasm.com\/wp-content\/uploads\/2017\/10\/20171024_165844_resize_0-300x225.jpg\" alt=\"\" width=\"903\" height=\"677\" srcset=\"https:\/\/fevzipasaasm.com.tr\/wp-content\/uploads\/2017\/10\/20171024_165844_resize_0-300x225.jpg 300w, https:\/\/fevzipasaasm.com.tr\/wp-content\/uploads\/2017\/10\/20171024_165844_resize_0-768x576.jpg 768w, https:\/\/fevzipasaasm.com.tr\/wp-content\/uploads\/2017\/10\/20171024_165844_resize_0.jpg 800w\" sizes=\"auto, (max-width: 903px) 100vw, 903px\" \/><\/p>\n<h3 style=\"text-align: center;\"><strong>A\u015f\u0131 ve \u0130zlem Odas\u0131<\/strong><\/h3>\n<p><img loading=\"lazy\" decoding=\"async\" class=\"alignnone wp-image-266\" src=\"http:\/\/fevzipasaasm.com\/wp-content\/uploads\/2017\/10\/A\u015f\u0131-ve-\u0130zlem-Odas\u0131_0-1-300x225.jpg\" alt=\"\" width=\"903\" height=\"677\" srcset=\"https:\/\/fevzipasaasm.com.tr\/wp-content\/uploads\/2017\/10\/A\u015f\u0131-ve-\u0130zlem-Odas\u0131_0-1-300x225.jpg 300w, https:\/\/fevzipasaasm.com.tr\/wp-content\/uploads\/2017\/10\/A\u015f\u0131-ve-\u0130zlem-Odas\u0131_0-1-768x576.jpg 768w, https:\/\/fevzipasaasm.com.tr\/wp-content\/uploads\/2017\/10\/A\u015f\u0131-ve-\u0130zlem-Odas\u0131_0-1.jpg 800w\" sizes=\"auto, (max-width: 903px) 100vw, 903px\" \/><\/p>\n<h3 style=\"text-align: center;\"><strong>\u00dcreme Sa\u011fl\u0131\u011f\u0131 Odas\u0131<\/strong><\/h3>\n<p><img loading=\"lazy\" decoding=\"async\" class=\"alignnone wp-image-333\" src=\"http:\/\/fevzipasaasm.com\/wp-content\/uploads\/2017\/11\/20171110_170548-2-300x300.jpg\" alt=\"\" width=\"901\" height=\"901\" srcset=\"https:\/\/fevzipasaasm.com.tr\/wp-content\/uploads\/2017\/11\/20171110_170548-2-300x300.jpg 300w, https:\/\/fevzipasaasm.com.tr\/wp-content\/uploads\/2017\/11\/20171110_170548-2-150x150.jpg 150w, https:\/\/fevzipasaasm.com.tr\/wp-content\/uploads\/2017\/11\/20171110_170548-2-768x768.jpg 768w, https:\/\/fevzipasaasm.com.tr\/wp-content\/uploads\/2017\/11\/20171110_170548-2-1024x1024.jpg 1024w\" sizes=\"auto, (max-width: 901px) 100vw, 901px\" \/><\/p>\n<h3 style=\"text-align: center;\"><strong>Emzirme Odas\u0131<\/strong><\/h3>\n<p><img loading=\"lazy\" decoding=\"async\" class=\"alignnone  wp-image-336\" src=\"http:\/\/fevzipasaasm.com\/wp-content\/uploads\/2017\/11\/20171129_170251-300x225.jpg\" alt=\"\" width=\"901\" height=\"676\" srcset=\"https:\/\/fevzipasaasm.com.tr\/wp-content\/uploads\/2017\/11\/20171129_170251-300x225.jpg 300w, https:\/\/fevzipasaasm.com.tr\/wp-content\/uploads\/2017\/11\/20171129_170251-768x576.jpg 768w, https:\/\/fevzipasaasm.com.tr\/wp-content\/uploads\/2017\/11\/20171129_170251.jpg 1000w\" sizes=\"auto, (max-width: 901px) 100vw, 901px\" \/><\/p>\n<h3 style=\"text-align: center;\"><strong>Engelli Poliklini\u011fi<\/strong><\/h3>\n<p><img loading=\"lazy\" decoding=\"async\" class=\"alignnone wp-image-271\" src=\"http:\/\/fevzipasaasm.com\/wp-content\/uploads\/2017\/10\/Engelli-Poliklini\u011fi_resize_0-1-300x225.jpg\" alt=\"\" width=\"899\" height=\"674\" srcset=\"https:\/\/fevzipasaasm.com.tr\/wp-content\/uploads\/2017\/10\/Engelli-Poliklini\u011fi_resize_0-1-300x225.jpg 300w, https:\/\/fevzipasaasm.com.tr\/wp-content\/uploads\/2017\/10\/Engelli-Poliklini\u011fi_resize_0-1-768x576.jpg 768w, https:\/\/fevzipasaasm.com.tr\/wp-content\/uploads\/2017\/10\/Engelli-Poliklini\u011fi_resize_0-1.jpg 800w\" sizes=\"auto, (max-width: 899px) 100vw, 899px\" \/><\/p>\n<h3 style=\"text-align: center;\"><strong>Engelli Tuvaleti<\/strong><\/h3>\n<p><img loading=\"lazy\" decoding=\"async\" class=\"alignnone  wp-image-504\" src=\"http:\/\/fevzipasaasm.com\/wp-content\/uploads\/2024\/04\/Engelli-tuvalet-300x240.jpg\" alt=\"\" width=\"898\" height=\"718\" srcset=\"https:\/\/fevzipasaasm.com.tr\/wp-content\/uploads\/2024\/04\/Engelli-tuvalet-300x240.jpg 300w, https:\/\/fevzipasaasm.com.tr\/wp-content\/uploads\/2024\/04\/Engelli-tuvalet-1024x818.jpg 1024w, https:\/\/fevzipasaasm.com.tr\/wp-content\/uploads\/2024\/04\/Engelli-tuvalet-768x613.jpg 768w, https:\/\/fevzipasaasm.com.tr\/wp-content\/uploads\/2024\/04\/Engelli-tuvalet-1536x1226.jpg 1536w, https:\/\/fevzipasaasm.com.tr\/wp-content\/uploads\/2024\/04\/Engelli-tuvalet.jpg 1696w\" sizes=\"auto, (max-width: 898px) 100vw, 898px\" \/><\/p>\n<p>&nbsp;<\/p>\n<h3 style=\"text-align: center;\"><strong>At\u0131k Bekletme Alan\u0131, Lavabo ve Tuvaletler<\/strong><\/h3>\n<p><img loading=\"lazy\" decoding=\"async\" class=\"alignnone wp-image-249\" src=\"http:\/\/fevzipasaasm.com\/wp-content\/uploads\/2017\/10\/20171024_172030_resize_0-300x225.jpg\" alt=\"\" width=\"899\" height=\"674\" srcset=\"https:\/\/fevzipasaasm.com.tr\/wp-content\/uploads\/2017\/10\/20171024_172030_resize_0-300x225.jpg 300w, https:\/\/fevzipasaasm.com.tr\/wp-content\/uploads\/2017\/10\/20171024_172030_resize_0-768x576.jpg 768w, https:\/\/fevzipasaasm.com.tr\/wp-content\/uploads\/2017\/10\/20171024_172030_resize_0.jpg 800w\" sizes=\"auto, (max-width: 899px) 100vw, 899px\" \/><\/p>\n","protected":false},"excerpt":{"rendered":"<p>\u00a0 \u00a0 \u00a0Bu i\u015fyerinde g\u00fcvenlik i\u00e7in bina giri\u015fi ve bekleme salonunda 24 saat s\u00fcre ile g\u00f6r\u00fcnt\u00fc kayd\u0131 yap\u0131lmaktad\u0131r. Bekleme Salonu Kay\u0131t Masas\u0131 \u00a0 \u00a0 \u00a0 \u00a0Kimlik barkod okuyucusu kullan\u0131m\u0131 : Muayene s\u0131ras\u0131na kaydolmak i\u00e7in masadaki tablette sa\u011f alttaki &#8220;kimlik barkodu<\/p>\n","protected":false},"author":1,"featured_media":0,"parent":0,"menu_order":0,"comment_status":"closed","ping_status":"closed","template":"","meta":{"footnotes":""},"class_list":["post-53","page","type-page","status-publish","hentry"],"_links":{"self":[{"href":"https:\/\/fevzipasaasm.com.tr\/index.php?rest_route=\/wp\/v2\/pages\/53","targetHints":{"allow":["GET"]}}],"collection":[{"href":"https:\/\/fevzipasaasm.com.tr\/index.php?rest_route=\/wp\/v2\/pages"}],"about":[{"href":"https:\/\/fevzipasaasm.com.tr\/index.php?rest_route=\/wp\/v2\/types\/page"}],"author":[{"embeddable":true,"href":"https:\/\/fevzipasaasm.com.tr\/index.php?rest_route=\/wp\/v2\/users\/1"}],"replies":[{"embeddable":true,"href":"https:\/\/fevzipasaasm.com.tr\/index.php?rest_route=%2Fwp%2Fv2%2Fcomments&post=53"}],"version-history":[{"count":45,"href":"https:\/\/fevzipasaasm.com.tr\/index.php?rest_route=\/wp\/v2\/pages\/53\/revisions"}],"predecessor-version":[{"id":562,"href":"https:\/\/fevzipasaasm.com.tr\/index.php?rest_route=\/wp\/v2\/pages\/53\/revisions\/562"}],"wp:attachment":[{"href":"https:\/\/fevzipasaasm.com.tr\/index.php?rest_route=%2Fwp%2Fv2%2Fmedia&parent=53"}],"curies":[{"name":"wp","href":"https:\/\/api.w.org\/{rel}","templated":true}]}}