{"id":2,"date":"2016-05-10T03:48:21","date_gmt":"2016-05-10T03:48:21","guid":{"rendered":"http:\/\/fevzipasaasm.com\/?page_id=2"},"modified":"2024-10-25T12:10:25","modified_gmt":"2024-10-25T12:10:25","slug":"sample-page","status":"publish","type":"page","link":"https:\/\/fevzipasaasm.com.tr\/?page_id=2","title":{"rendered":"Yerimiz"},"content":{"rendered":"<p><img loading=\"lazy\" decoding=\"async\" class=\"alignnone  wp-image-528\" src=\"http:\/\/fevzipasaasm.com\/wp-content\/uploads\/2024\/10\/yerimiz-300x225.jpg\" alt=\"\" width=\"753\" height=\"565\" srcset=\"https:\/\/fevzipasaasm.com.tr\/wp-content\/uploads\/2024\/10\/yerimiz-300x225.jpg 300w, https:\/\/fevzipasaasm.com.tr\/wp-content\/uploads\/2024\/10\/yerimiz-768x576.jpg 768w, https:\/\/fevzipasaasm.com.tr\/wp-content\/uploads\/2024\/10\/yerimiz.jpg 990w\" sizes=\"auto, (max-width: 753px) 100vw, 753px\" \/><\/p>\n<p>&nbsp;<\/p>\n<p>Adana Seyhan merkez il\u00e7esi Fevzipa\u015fa mahallesinde,<\/p>\n<p>Vefa Caddesi sonlar\u0131nda, Adana otob\u00fcs terminalinin 500 metre kuzeyindeyiz.<\/p>\n<p>Navigasyon i\u00e7in konum ba\u011flant\u0131s\u0131: <a href=\"https:\/\/maps.app.goo.gl\/4xYhXAwgkP4jcWVC7\">https:\/\/maps.app.goo.gl\/4xYhXAwgkP4jcWVC7<\/a><\/p>\n<p>&nbsp;<\/p>\n","protected":false},"excerpt":{"rendered":"<p>&nbsp; Adana Seyhan merkez il\u00e7esi Fevzipa\u015fa mahallesinde, Vefa Caddesi sonlar\u0131nda, Adana otob\u00fcs terminalinin 500 metre kuzeyindeyiz. Navigasyon i\u00e7in konum ba\u011flant\u0131s\u0131: https:\/\/maps.app.goo.gl\/4xYhXAwgkP4jcWVC7 &nbsp;<\/p>\n","protected":false},"author":1,"featured_media":0,"parent":0,"menu_order":0,"comment_status":"closed","ping_status":"open","template":"","meta":{"footnotes":""},"class_list":["post-2","page","type-page","status-publish","hentry"],"_links":{"self":[{"href":"https:\/\/fevzipasaasm.com.tr\/index.php?rest_route=\/wp\/v2\/pages\/2","targetHints":{"allow":["GET"]}}],"collection":[{"href":"https:\/\/fevzipasaasm.com.tr\/index.php?rest_route=\/wp\/v2\/pages"}],"about":[{"href":"https:\/\/fevzipasaasm.com.tr\/index.php?rest_route=\/wp\/v2\/types\/page"}],"author":[{"embeddable":true,"href":"https:\/\/fevzipasaasm.com.tr\/index.php?rest_route=\/wp\/v2\/users\/1"}],"replies":[{"embeddable":true,"href":"https:\/\/fevzipasaasm.com.tr\/index.php?rest_route=%2Fwp%2Fv2%2Fcomments&post=2"}],"version-history":[{"count":13,"href":"https:\/\/fevzipasaasm.com.tr\/index.php?rest_route=\/wp\/v2\/pages\/2\/revisions"}],"predecessor-version":[{"id":530,"href":"https:\/\/fevzipasaasm.com.tr\/index.php?rest_route=\/wp\/v2\/pages\/2\/revisions\/530"}],"wp:attachment":[{"href":"https:\/\/fevzipasaasm.com.tr\/index.php?rest_route=%2Fwp%2Fv2%2Fmedia&parent=2"}],"curies":[{"name":"wp","href":"https:\/\/api.w.org\/{rel}","templated":true}]}}